{"id":173,"date":"2024-12-15T22:17:36","date_gmt":"2024-12-15T22:17:36","guid":{"rendered":"https:\/\/wellnessholidays.it\/?page_id=173"},"modified":"2025-10-08T07:15:38","modified_gmt":"2025-10-08T07:15:38","slug":"wellness-holidays-s-r-l","status":"publish","type":"page","link":"https:\/\/wellnessholidays.it\/","title":{"rendered":"Wellness Holidays S.r.l"},"content":{"rendered":"\t\t<div data-elementor-type=\"wp-page\" data-elementor-id=\"173\" class=\"elementor elementor-173\" data-elementor-settings=\"{&quot;element_pack_global_tooltip_width&quot;:{&quot;unit&quot;:&quot;px&quot;,&quot;size&quot;:&quot;&quot;,&quot;sizes&quot;:[]},&quot;element_pack_global_tooltip_width_tablet&quot;:{&quot;unit&quot;:&quot;px&quot;,&quot;size&quot;:&quot;&quot;,&quot;sizes&quot;:[]},&quot;element_pack_global_tooltip_width_mobile&quot;:{&quot;unit&quot;:&quot;px&quot;,&quot;size&quot;:&quot;&quot;,&quot;sizes&quot;:[]},&quot;element_pack_global_tooltip_padding&quot;:{&quot;unit&quot;:&quot;px&quot;,&quot;top&quot;:&quot;&quot;,&quot;right&quot;:&quot;&quot;,&quot;bottom&quot;:&quot;&quot;,&quot;left&quot;:&quot;&quot;,&quot;isLinked&quot;:true},&quot;element_pack_global_tooltip_padding_tablet&quot;:{&quot;unit&quot;:&quot;px&quot;,&quot;top&quot;:&quot;&quot;,&quot;right&quot;:&quot;&quot;,&quot;bottom&quot;:&quot;&quot;,&quot;left&quot;:&quot;&quot;,&quot;isLinked&quot;:true},&quot;element_pack_global_tooltip_padding_mobile&quot;:{&quot;unit&quot;:&quot;px&quot;,&quot;top&quot;:&quot;&quot;,&quot;right&quot;:&quot;&quot;,&quot;bottom&quot;:&quot;&quot;,&quot;left&quot;:&quot;&quot;,&quot;isLinked&quot;:true},&quot;element_pack_global_tooltip_border_radius&quot;:{&quot;unit&quot;:&quot;px&quot;,&quot;top&quot;:&quot;&quot;,&quot;right&quot;:&quot;&quot;,&quot;bottom&quot;:&quot;&quot;,&quot;left&quot;:&quot;&quot;,&quot;isLinked&quot;:true},&quot;element_pack_global_tooltip_border_radius_tablet&quot;:{&quot;unit&quot;:&quot;px&quot;,&quot;top&quot;:&quot;&quot;,&quot;right&quot;:&quot;&quot;,&quot;bottom&quot;:&quot;&quot;,&quot;left&quot;:&quot;&quot;,&quot;isLinked&quot;:true},&quot;element_pack_global_tooltip_border_radius_mobile&quot;:{&quot;unit&quot;:&quot;px&quot;,&quot;top&quot;:&quot;&quot;,&quot;right&quot;:&quot;&quot;,&quot;bottom&quot;:&quot;&quot;,&quot;left&quot;:&quot;&quot;,&quot;isLinked&quot;:true}}\" data-elementor-post-type=\"page\">\n\t\t\t\t\t\t<section class=\"elementor-section elementor-top-section elementor-element elementor-element-2238c2f elementor-section-height-min-height elementor-section-full_width elementor-section-height-default elementor-section-items-middle\" data-id=\"2238c2f\" data-element_type=\"section\" data-settings=\"{&quot;background_background&quot;:&quot;slideshow&quot;,&quot;background_slideshow_ken_burns&quot;:&quot;yes&quot;,&quot;background_slideshow_gallery&quot;:[{&quot;id&quot;:28,&quot;url&quot;:&quot;https:\\\/\\\/wellnessholidays.it\\\/wp-content\\\/uploads\\\/2024\\\/11\\\/04_VistaRedentore.jpg&quot;},{&quot;id&quot;:27,&quot;url&quot;:&quot;https:\\\/\\\/wellnessholidays.it\\\/wp-content\\\/uploads\\\/2024\\\/11\\\/L341058.webp&quot;},{&quot;id&quot;:25,&quot;url&quot;:&quot;https:\\\/\\\/wellnessholidays.it\\\/wp-content\\\/uploads\\\/2024\\\/11\\\/GAB_4235.jpg&quot;}],&quot;background_slideshow_loop&quot;:&quot;yes&quot;,&quot;background_slideshow_slide_duration&quot;:5000,&quot;background_slideshow_slide_transition&quot;:&quot;fade&quot;,&quot;background_slideshow_transition_duration&quot;:500,&quot;background_slideshow_ken_burns_zoom_direction&quot;:&quot;in&quot;}\">\n\t\t\t\t\t\t\t<div class=\"elementor-background-overlay\"><\/div>\n\t\t\t\t\t\t\t<div class=\"elementor-container elementor-column-gap-default\">\n\t\t\t\t\t<div class=\"elementor-column elementor-col-100 elementor-top-column elementor-element elementor-element-54242ac\" data-id=\"54242ac\" data-element_type=\"column\">\n\t\t\t<div class=\"elementor-widget-wrap elementor-element-populated\">\n\t\t\t\t\t\t<section class=\"elementor-section elementor-inner-section elementor-element elementor-element-aff2fb5 elementor-section-boxed elementor-section-height-default elementor-section-height-default\" data-id=\"aff2fb5\" data-element_type=\"section\">\n\t\t\t\t\t\t<div class=\"elementor-container elementor-column-gap-default\">\n\t\t\t\t\t<div class=\"elementor-column elementor-col-50 elementor-inner-column elementor-element elementor-element-7709305\" data-id=\"7709305\" data-element_type=\"column\" data-settings=\"{&quot;background_background&quot;:&quot;classic&quot;}\">\n\t\t\t<div class=\"elementor-widget-wrap elementor-element-populated\">\n\t\t\t\t\t<div class=\"elementor-background-overlay\"><\/div>\n\t\t\t\t\t\t<div class=\"elementor-element elementor-element-2eca0cb elementor-invisible elementor-widget elementor-widget-heading\" data-id=\"2eca0cb\" data-element_type=\"widget\" data-settings=\"{&quot;_animation&quot;:&quot;fadeInDown&quot;}\" data-widget_type=\"heading.default\">\n\t\t\t\t<div class=\"elementor-widget-container\">\n\t\t\t<h1 class=\"elementor-heading-title elementor-size-default\">RECUPERO E RIQUALIFICAZIONE<br>DI UN PATRIMONIO DI TUTTI<\/h1>\t\t<\/div>\n\t\t\t\t<\/div>\n\t\t\t\t<div class=\"elementor-element elementor-element-cb138d5 elementor-invisible elementor-widget elementor-widget-text-editor\" data-id=\"cb138d5\" data-element_type=\"widget\" data-settings=\"{&quot;_animation&quot;:&quot;fadeInLeft&quot;}\" data-widget_type=\"text-editor.default\">\n\t\t\t\t<div class=\"elementor-widget-container\">\n\t\t\t\t\t\t\t<div style=\"text-align: center;\" data-canvas-width=\"592.9600000000005\">Passato e futuro si intrecciano in spazi che, nonostante la<br \/>loro condizione di inattivit\u00e0, possono ancora raccontare tante<br \/>storie, riflesso di ci\u00f2 che erano e di ci\u00f2 che potrebbero essere.<br \/>Sono questi i luoghi che, se dimenticati, progressivamente<br \/>subiscono un disconoscimento storico, culturale, sociale<br \/>e, soprattutto, economico.<br \/>La Wellness Holidays, con la sua pluriennale esperienza,<br \/>si occupa della valorizzazione di questi immobili e della<br \/>loro gestione, sia che si tratti di una riconversione<br \/>a carattere turistico-ricettivo o di adeguamento a casa<br \/>universitaria.<\/div><p style=\"text-align: center;\"><span dir=\"ltr\" role=\"presentation\">\u00a0<\/span><\/p>\t\t\t\t\t\t<\/div>\n\t\t\t\t<\/div>\n\t\t\t\t\t<\/div>\n\t\t<\/div>\n\t\t\t\t<div class=\"elementor-column elementor-col-50 elementor-inner-column elementor-element elementor-element-e6bedc7\" data-id=\"e6bedc7\" data-element_type=\"column\">\n\t\t\t<div class=\"elementor-widget-wrap\">\n\t\t\t\t\t\t\t<\/div>\n\t\t<\/div>\n\t\t\t\t\t<\/div>\n\t\t<\/section>\n\t\t\t\t\t<\/div>\n\t\t<\/div>\n\t\t\t\t\t<\/div>\n\t\t<\/section>\n\t\t\t\t<section class=\"elementor-section elementor-top-section elementor-element elementor-element-180000d elementor-section-boxed elementor-section-height-default elementor-section-height-default\" data-id=\"180000d\" data-element_type=\"section\">\n\t\t\t\t\t\t<div class=\"elementor-container elementor-column-gap-default\">\n\t\t\t\t\t<div class=\"elementor-column elementor-col-100 elementor-top-column elementor-element elementor-element-52b16af\" data-id=\"52b16af\" data-element_type=\"column\">\n\t\t\t<div class=\"elementor-widget-wrap elementor-element-populated\">\n\t\t\t\t\t\t<section class=\"elementor-section elementor-inner-section elementor-element elementor-element-a608746 elementor-section-boxed elementor-section-height-default elementor-section-height-default\" data-id=\"a608746\" data-element_type=\"section\">\n\t\t\t\t\t\t<div class=\"elementor-container elementor-column-gap-default\">\n\t\t\t\t\t<div class=\"elementor-column elementor-col-100 elementor-inner-column elementor-element elementor-element-d35a219\" data-id=\"d35a219\" data-element_type=\"column\">\n\t\t\t<div class=\"elementor-widget-wrap elementor-element-populated\">\n\t\t\t\t\t\t<div class=\"elementor-element elementor-element-5b20cd7 elementor-widget elementor-widget-image\" data-id=\"5b20cd7\" data-element_type=\"widget\" data-widget_type=\"image.default\">\n\t\t\t\t<div class=\"elementor-widget-container\">\n\t\t\t\t\t\t\t\t\t\t\t\t\t<img fetchpriority=\"high\" decoding=\"async\" width=\"2560\" height=\"1702\" src=\"https:\/\/wellnessholidays.it\/wp-content\/uploads\/2024\/12\/DSC_0072-scaled.jpg\" class=\"attachment-full size-full wp-image-55\" alt=\"\" srcset=\"https:\/\/wellnessholidays.it\/wp-content\/uploads\/2024\/12\/DSC_0072-scaled.jpg 2560w, https:\/\/wellnessholidays.it\/wp-content\/uploads\/2024\/12\/DSC_0072-300x199.jpg 300w, https:\/\/wellnessholidays.it\/wp-content\/uploads\/2024\/12\/DSC_0072-1024x681.jpg 1024w, https:\/\/wellnessholidays.it\/wp-content\/uploads\/2024\/12\/DSC_0072-768x511.jpg 768w, https:\/\/wellnessholidays.it\/wp-content\/uploads\/2024\/12\/DSC_0072-1536x1021.jpg 1536w, https:\/\/wellnessholidays.it\/wp-content\/uploads\/2024\/12\/DSC_0072-2048x1362.jpg 2048w\" sizes=\"(max-width: 2560px) 100vw, 2560px\" \/>\t\t\t\t\t\t\t\t\t\t\t\t\t<\/div>\n\t\t\t\t<\/div>\n\t\t\t\t\t<\/div>\n\t\t<\/div>\n\t\t\t\t\t<\/div>\n\t\t<\/section>\n\t\t\t\t<div class=\"elementor-element elementor-element-5272c32 elementor-widget elementor-widget-image\" data-id=\"5272c32\" data-element_type=\"widget\" data-widget_type=\"image.default\">\n\t\t\t\t<div class=\"elementor-widget-container\">\n\t\t\t\t\t\t\t\t\t\t\t\t\t<img decoding=\"async\" width=\"238\" height=\"239\" src=\"https:\/\/wellnessholidays.it\/wp-content\/uploads\/2024\/11\/ring-about-us-1-livin.png\" class=\"attachment-full size-full wp-image-34\" alt=\"\" srcset=\"https:\/\/wellnessholidays.it\/wp-content\/uploads\/2024\/11\/ring-about-us-1-livin.png 238w, https:\/\/wellnessholidays.it\/wp-content\/uploads\/2024\/11\/ring-about-us-1-livin-150x150.png 150w\" sizes=\"(max-width: 238px) 100vw, 238px\" \/>\t\t\t\t\t\t\t\t\t\t\t\t\t<\/div>\n\t\t\t\t<\/div>\n\t\t\t\t<div class=\"elementor-element elementor-element-a3419ef elementor-invisible elementor-widget elementor-widget-heading\" data-id=\"a3419ef\" data-element_type=\"widget\" data-settings=\"{&quot;_animation&quot;:&quot;fadeInDown&quot;}\" data-widget_type=\"heading.default\">\n\t\t\t\t<div class=\"elementor-widget-container\">\n\t\t\t<h2 class=\"elementor-heading-title elementor-size-default\">L\u2019APPROCCIO:\nUN\u2019ATTITUDINE AL MIGLIORAMENTO<\/h2>\t\t<\/div>\n\t\t\t\t<\/div>\n\t\t\t\t<div class=\"elementor-element elementor-element-c2abf6f elementor-widget elementor-widget-text-editor\" data-id=\"c2abf6f\" data-element_type=\"widget\" data-widget_type=\"text-editor.default\">\n\t\t\t\t<div class=\"elementor-widget-container\">\n\t\t\t\t\t\t\t<p>La ricerca e l\u2019interesse della Wellness Holidays sono orientate alla valutazione delle location per la realizzazione di progetti rivolti al turismo vacanziero e alla ricerca di locali da riconvertire in residence universitari, guardando alle sedi degli atenei italiani. La Wellness Holidays, una volta costruito il rapporto con l\u2019Ente religioso, si impegna a valutare senza impegno economico uno o pi\u00f9 compendi immobiliari per capirne le effettive potenzialit\u00e0. L\u2019aspetto caratterizzante dell\u2019approccio \u00e8 una visione a tutto tondo dell\u2019immobile, visto non solo come involucro edilizio<br \/>da riqualificare, ma come entit\u00e0 economica con una sua identit\u00e0 e, soprattutto, una gestione che garantisca all\u2019Ente investitore un bilancio in positivo a fine lavori. Qualora l\u2019Ente fosse interessato ma non disponesse delle liquidit\u00e0, la Wellness Holidays \u00e8 in grado di fornire una consulenza per la ricerca dei inanziamenti.<\/p>\t\t\t\t\t\t<\/div>\n\t\t\t\t<\/div>\n\t\t\t\t<section class=\"elementor-section elementor-inner-section elementor-element elementor-element-aaedef5 elementor-section-boxed elementor-section-height-default elementor-section-height-default\" data-id=\"aaedef5\" data-element_type=\"section\">\n\t\t\t\t\t\t<div class=\"elementor-container elementor-column-gap-default\">\n\t\t\t\t\t<div class=\"elementor-column elementor-col-50 elementor-inner-column elementor-element elementor-element-60ff1cc\" data-id=\"60ff1cc\" data-element_type=\"column\">\n\t\t\t<div class=\"elementor-widget-wrap elementor-element-populated\">\n\t\t\t\t\t\t<div class=\"elementor-element elementor-element-c4a4659 elementor-invisible elementor-widget elementor-widget-image\" data-id=\"c4a4659\" data-element_type=\"widget\" data-settings=\"{&quot;_animation&quot;:&quot;fadeIn&quot;}\" data-widget_type=\"image.default\">\n\t\t\t\t<div class=\"elementor-widget-container\">\n\t\t\t\t\t\t\t\t\t\t\t\t\t<img decoding=\"async\" width=\"300\" height=\"277\" src=\"https:\/\/wellnessholidays.it\/wp-content\/uploads\/2024\/11\/grafico-crescita-300x277.png\" class=\"attachment-medium size-medium wp-image-61\" alt=\"\" srcset=\"https:\/\/wellnessholidays.it\/wp-content\/uploads\/2024\/11\/grafico-crescita-300x277.png 300w, https:\/\/wellnessholidays.it\/wp-content\/uploads\/2024\/11\/grafico-crescita-768x708.png 768w, https:\/\/wellnessholidays.it\/wp-content\/uploads\/2024\/11\/grafico-crescita.png 826w\" sizes=\"(max-width: 300px) 100vw, 300px\" \/>\t\t\t\t\t\t\t\t\t\t\t\t\t<\/div>\n\t\t\t\t<\/div>\n\t\t\t\t\t<\/div>\n\t\t<\/div>\n\t\t\t\t<div class=\"elementor-column elementor-col-50 elementor-inner-column elementor-element elementor-element-cb0e2ad\" data-id=\"cb0e2ad\" data-element_type=\"column\">\n\t\t\t<div class=\"elementor-widget-wrap elementor-element-populated\">\n\t\t\t\t\t\t<div class=\"elementor-element elementor-element-d2cc412 elementor-widget elementor-widget-text-editor\" data-id=\"d2cc412\" data-element_type=\"widget\" data-widget_type=\"text-editor.default\">\n\t\t\t\t<div class=\"elementor-widget-container\">\n\t\t\t\t\t\t\t<ol><li>L\u2019Ente religioso individua gli <strong>immobili<\/strong><br \/><strong>da riqualificare.<\/strong><\/li><li>Sopralluogo e prima valutazione<br \/>di fattibilit\u00e0 <strong>totalmente gratuita.<\/strong><\/li><li>Presentazione della proposta con<br \/>individuazione della <strong>redditivit\u00e0 annua.<\/strong><\/li><li>Impegno formale da parte di WH al<br \/>pagamento della <strong>redditivit\u00e0 prevista.<\/strong><\/li><li>Sviluppo e realizzazione dell\u2019iniziativa<br \/>con la formula <strong>\u201czero pensieri\u201d.<\/strong><\/li><li>Ultimazione lavori ed inizio gestione<br \/>con il <strong>rispetto degli impegni<\/strong> presi.<\/li><\/ol>\t\t\t\t\t\t<\/div>\n\t\t\t\t<\/div>\n\t\t\t\t\t<\/div>\n\t\t<\/div>\n\t\t\t\t\t<\/div>\n\t\t<\/section>\n\t\t\t\t\t<\/div>\n\t\t<\/div>\n\t\t\t\t\t<\/div>\n\t\t<\/section>\n\t\t\t\t<section class=\"elementor-section elementor-top-section elementor-element elementor-element-f56459c elementor-section-boxed elementor-section-height-default elementor-section-height-default\" data-id=\"f56459c\" data-element_type=\"section\">\n\t\t\t\t\t\t\t<div class=\"elementor-background-overlay\"><\/div>\n\t\t\t\t\t\t\t<div class=\"elementor-container elementor-column-gap-default\">\n\t\t\t\t\t<div class=\"elementor-column elementor-col-100 elementor-top-column elementor-element elementor-element-887e42d\" data-id=\"887e42d\" data-element_type=\"column\">\n\t\t\t<div class=\"elementor-widget-wrap elementor-element-populated\">\n\t\t\t\t\t\t<section class=\"elementor-section elementor-inner-section elementor-element elementor-element-aede603 elementor-section-boxed elementor-section-height-default elementor-section-height-default\" data-id=\"aede603\" data-element_type=\"section\">\n\t\t\t\t\t\t<div class=\"elementor-container elementor-column-gap-default\">\n\t\t\t\t\t<div class=\"elementor-column elementor-col-100 elementor-inner-column elementor-element elementor-element-97b6dfb\" data-id=\"97b6dfb\" data-element_type=\"column\">\n\t\t\t<div class=\"elementor-widget-wrap elementor-element-populated\">\n\t\t\t\t\t\t<div class=\"elementor-element elementor-element-0865feb elementor-invisible elementor-widget elementor-widget-heading\" data-id=\"0865feb\" data-element_type=\"widget\" data-settings=\"{&quot;_animation&quot;:&quot;fadeInDown&quot;}\" data-widget_type=\"heading.default\">\n\t\t\t\t<div class=\"elementor-widget-container\">\n\t\t\t<h2 class=\"elementor-heading-title elementor-size-default\">LAVORO DI SQUADRA SINONIMO DI GARANZIA <\/h2>\t\t<\/div>\n\t\t\t\t<\/div>\n\t\t\t\t<div class=\"elementor-element elementor-element-c5ed295 elementor-widget elementor-widget-text-editor\" data-id=\"c5ed295\" data-element_type=\"widget\" data-widget_type=\"text-editor.default\">\n\t\t\t\t<div class=\"elementor-widget-container\">\n\t\t\t\t\t\t\t<div data-canvas-width=\"582.5440000000006\">Un approccio e un metodo come quello della Wellness Holidays \u00e8 frutto di una rete di collaborazioni che nel corso degli anni si \u00e8 andata via via consolidando e ha costruito una struttura stabile a cui affidarsi. Questa stabilit\u00e0 \u00e8 la forza di un\u2019azienda famigliare che, avvalendosi di numerosi partners, garantisce una proposta unitaria e delle tempistiche coordinate che fanno della Wellness Holidays una societ\u00e0 unita e con delle proposte concrete.<\/div>\t\t\t\t\t\t<\/div>\n\t\t\t\t<\/div>\n\t\t\t\t\t<\/div>\n\t\t<\/div>\n\t\t\t\t\t<\/div>\n\t\t<\/section>\n\t\t\t\t\t<\/div>\n\t\t<\/div>\n\t\t\t\t\t<\/div>\n\t\t<\/section>\n\t\t\t\t<section class=\"elementor-section elementor-top-section elementor-element elementor-element-e6a9415 elementor-section-boxed elementor-section-height-default elementor-section-height-default\" data-id=\"e6a9415\" data-element_type=\"section\">\n\t\t\t\t\t\t<div class=\"elementor-container elementor-column-gap-default\">\n\t\t\t\t\t<div class=\"elementor-column elementor-col-100 elementor-top-column elementor-element elementor-element-3c68179\" data-id=\"3c68179\" data-element_type=\"column\">\n\t\t\t<div class=\"elementor-widget-wrap\">\n\t\t\t\t\t\t\t<\/div>\n\t\t<\/div>\n\t\t\t\t\t<\/div>\n\t\t<\/section>\n\t\t\t\t<section class=\"elementor-section elementor-top-section elementor-element elementor-element-435e78c elementor-section-boxed elementor-section-height-default elementor-section-height-default\" data-id=\"435e78c\" data-element_type=\"section\">\n\t\t\t\t\t\t<div class=\"elementor-container elementor-column-gap-default\">\n\t\t\t\t\t<div class=\"elementor-column elementor-col-100 elementor-top-column elementor-element elementor-element-daa97f8\" data-id=\"daa97f8\" data-element_type=\"column\">\n\t\t\t<div class=\"elementor-widget-wrap elementor-element-populated\">\n\t\t\t\t\t\t<div class=\"elementor-element elementor-element-b28650d elementor-widget elementor-widget-spacer\" data-id=\"b28650d\" data-element_type=\"widget\" data-widget_type=\"spacer.default\">\n\t\t\t\t<div class=\"elementor-widget-container\">\n\t\t\t\t\t<div class=\"elementor-spacer\">\n\t\t\t<div class=\"elementor-spacer-inner\"><\/div>\n\t\t<\/div>\n\t\t\t\t<\/div>\n\t\t\t\t<\/div>\n\t\t\t\t<div class=\"elementor-element elementor-element-fc91602 elementor-invisible elementor-widget elementor-widget-heading\" data-id=\"fc91602\" data-element_type=\"widget\" data-settings=\"{&quot;_animation&quot;:&quot;fadeInDown&quot;}\" data-widget_type=\"heading.default\">\n\t\t\t\t<div class=\"elementor-widget-container\">\n\t\t\t<h2 class=\"elementor-heading-title elementor-size-default\">SCOPRI I PROGETTI VALORIZZATI<\/h2>\t\t<\/div>\n\t\t\t\t<\/div>\n\t\t\t\t\t<\/div>\n\t\t<\/div>\n\t\t\t\t\t<\/div>\n\t\t<\/section>\n\t\t\t\t<section class=\"elementor-section elementor-top-section elementor-element elementor-element-8f07a95 elementor-section-boxed elementor-section-height-default elementor-section-height-default\" data-id=\"8f07a95\" data-element_type=\"section\">\n\t\t\t\t\t\t<div class=\"elementor-container elementor-column-gap-default\">\n\t\t\t\t\t<div class=\"elementor-column elementor-col-100 elementor-top-column elementor-element elementor-element-d0989b5\" data-id=\"d0989b5\" data-element_type=\"column\">\n\t\t\t<div class=\"elementor-widget-wrap elementor-element-populated\">\n\t\t\t\t\t\t<section class=\"elementor-section elementor-inner-section elementor-element elementor-element-b02b420 elementor-section-boxed elementor-section-height-default elementor-section-height-default\" data-id=\"b02b420\" data-element_type=\"section\">\n\t\t\t\t\t\t<div class=\"elementor-container elementor-column-gap-default\">\n\t\t\t\t\t<div class=\"elementor-column elementor-col-50 elementor-inner-column elementor-element elementor-element-73dbfde\" data-id=\"73dbfde\" data-element_type=\"column\">\n\t\t\t<div class=\"elementor-widget-wrap elementor-element-populated\">\n\t\t\t\t\t\t<div class=\"elementor-element elementor-element-c920057 elementor-invisible elementor-widget elementor-widget-elementskit-dual-button\" data-id=\"c920057\" data-element_type=\"widget\" data-settings=\"{&quot;_animation&quot;:&quot;fadeIn&quot;}\" data-widget_type=\"elementskit-dual-button.default\">\n\t\t\t\t<div class=\"elementor-widget-container\">\n\t\t\t<div class=\"ekit-wid-con\" >\n                <div class=\"ekit-element-align-wrapper\">\n                    <div class=\"ekit_double_button\">                <a class=\"ekit-double-btn ekit-double-btn-one\" href=\"https:\/\/wellnessholidays.it\/?page_id=13\">\n                    MAISON BOUTIQUE AL REDENTORE VENEZIA                <\/a>\n            \n            <a class=\"ekit-double-btn ekit-double-btn-two\" href=\"https:\/\/wellnessholidays.it\/?page_id=130\">\n                    RESIDENCE CAVANIS WELLNESS &amp; PRIVATE SPA                <\/a>\n                  <\/div>\n                <\/div>\n            <\/div>\t\t<\/div>\n\t\t\t\t<\/div>\n\t\t\t\t\t<\/div>\n\t\t<\/div>\n\t\t\t\t<div class=\"elementor-column elementor-col-50 elementor-inner-column elementor-element elementor-element-4b04b52\" data-id=\"4b04b52\" data-element_type=\"column\">\n\t\t\t<div class=\"elementor-widget-wrap elementor-element-populated\">\n\t\t\t\t\t\t<div class=\"elementor-element elementor-element-3f3ff12 elementor-invisible elementor-widget elementor-widget-elementskit-dual-button\" data-id=\"3f3ff12\" data-element_type=\"widget\" data-settings=\"{&quot;_animation&quot;:&quot;fadeIn&quot;}\" data-widget_type=\"elementskit-dual-button.default\">\n\t\t\t\t<div class=\"elementor-widget-container\">\n\t\t\t<div class=\"ekit-wid-con\" >\n                <div class=\"ekit-element-align-wrapper\">\n                    <div class=\"ekit_double_button\">                <a class=\"ekit-double-btn ekit-double-btn-one\" href=\"https:\/\/wellnessholidays.it\/?page_id=142\">\n                    MAISON BOUTIQUE FIOR D\u2019ALPE                <\/a>\n            \n            <a class=\"ekit-double-btn ekit-double-btn-two\" href=\"https:\/\/wellnessholidays.it\/?page_id=152\">\n                    UNIVERSITY RESIDENCE UDINE                <\/a>\n                  <\/div>\n                <\/div>\n            <\/div>\t\t<\/div>\n\t\t\t\t<\/div>\n\t\t\t\t\t<\/div>\n\t\t<\/div>\n\t\t\t\t\t<\/div>\n\t\t<\/section>\n\t\t\t\t\t<\/div>\n\t\t<\/div>\n\t\t\t\t\t<\/div>\n\t\t<\/section>\n\t\t\t\t<section class=\"elementor-section elementor-top-section elementor-element elementor-element-92e9ce8 elementor-section-boxed elementor-section-height-default elementor-section-height-default\" data-id=\"92e9ce8\" data-element_type=\"section\">\n\t\t\t\t\t\t<div class=\"elementor-container elementor-column-gap-default\">\n\t\t\t\t\t<div class=\"elementor-column elementor-col-100 elementor-top-column elementor-element elementor-element-9c302c5\" data-id=\"9c302c5\" data-element_type=\"column\">\n\t\t\t<div class=\"elementor-widget-wrap\">\n\t\t\t\t\t\t\t<\/div>\n\t\t<\/div>\n\t\t\t\t\t<\/div>\n\t\t<\/section>\n\t\t\t\t<\/div>\n\t\t","protected":false},"excerpt":{"rendered":"<p>RECUPERO E RIQUALIFICAZIONEDI UN PATRIMONIO DI TUTTI Passato e futuro si intrecciano in spazi che, nonostante laloro condizione di inattivit\u00e0, possono ancora raccontare tantestorie, riflesso di ci\u00f2 che erano e di ci\u00f2 che potrebbero essere.Sono questi i luoghi che, se dimenticati, progressivamentesubiscono un disconoscimento storico, culturale, socialee, soprattutto, economico.La Wellness Holidays, con la sua pluriennale [&hellip;]<\/p>\n","protected":false},"author":1,"featured_media":0,"parent":0,"menu_order":0,"comment_status":"closed","ping_status":"closed","template":"","meta":{"footnotes":""},"class_list":["post-173","page","type-page","status-publish","hentry"],"_links":{"self":[{"href":"https:\/\/wellnessholidays.it\/index.php?rest_route=\/wp\/v2\/pages\/173","targetHints":{"allow":["GET"]}}],"collection":[{"href":"https:\/\/wellnessholidays.it\/index.php?rest_route=\/wp\/v2\/pages"}],"about":[{"href":"https:\/\/wellnessholidays.it\/index.php?rest_route=\/wp\/v2\/types\/page"}],"author":[{"embeddable":true,"href":"https:\/\/wellnessholidays.it\/index.php?rest_route=\/wp\/v2\/users\/1"}],"replies":[{"embeddable":true,"href":"https:\/\/wellnessholidays.it\/index.php?rest_route=%2Fwp%2Fv2%2Fcomments&post=173"}],"version-history":[{"count":7,"href":"https:\/\/wellnessholidays.it\/index.php?rest_route=\/wp\/v2\/pages\/173\/revisions"}],"predecessor-version":[{"id":240,"href":"https:\/\/wellnessholidays.it\/index.php?rest_route=\/wp\/v2\/pages\/173\/revisions\/240"}],"wp:attachment":[{"href":"https:\/\/wellnessholidays.it\/index.php?rest_route=%2Fwp%2Fv2%2Fmedia&parent=173"}],"curies":[{"name":"wp","href":"https:\/\/api.w.org\/{rel}","templated":true}]}}